{"id":4040,"date":"2015-12-14T09:11:58","date_gmt":"2015-12-14T08:11:58","guid":{"rendered":"http:\/\/botanico.uclm.es\/project\/prospeccion-censo-poblacional-y-evaluacion-del-estado-de-conservacion-de-la-especie-vegetal-protegida-viola-cazorlensis-gand-en-la-provincia-de-albacete-2\/"},"modified":"2022-12-22T12:31:52","modified_gmt":"2022-12-22T11:31:52","slug":"prospeccion-censo-poblacional-y-evaluacion-del-estado-de-conservacion-de-la-especie-vegetal-protegida-viola-cazorlensis-gand-en-la-provincia-de-albacete","status":"publish","type":"project","link":"https:\/\/botanico.uclm.es\/en\/project\/prospeccion-censo-poblacional-y-evaluacion-del-estado-de-conservacion-de-la-especie-vegetal-protegida-viola-cazorlensis-gand-en-la-provincia-de-albacete\/","title":{"rendered":"Prospecci\u00f3n, censo poblacional y evaluaci\u00f3n del estado de conservaci\u00f3n de la especie vegetal protegida Viola cazorlensis Gand. en la provincia de Albacete"},"content":{"rendered":"<style type=\"text\/css\"> \n#cmsms_row_69f0d52e0fe29 .cmsms_row_outer_parent { \n\tpadding-top: 0px; \n} \n\n#cmsms_row_69f0d52e0fe29 .cmsms_row_outer_parent { \n\tpadding-bottom: 50px; \n} \n\n<\/style><div id=\"cmsms_row_69f0d52e0fe29\" class=\"cmsms_row cmsms_color_scheme_default\">\n<div class=\"cmsms_row_outer_parent\">\n<div class=\"cmsms_row_outer\">\n<div class=\"cmsms_row_inner\">\n<div class=\"cmsms_row_margin\">\n<div class=\"cmsms_column one_first\">\n<div class=\"cmsms_text\">\n<h2>Resumen<\/h2>\n<p class=\"p1\"><span class=\"s1\">Revisi\u00f3n del estado de conservaci\u00f3n de la especie vegetal Viola cazorlensis, catalogada como Vulnerable en CLM, mediante cartograf\u00eda, censos y evaluaci\u00f3n de amenazas en campo, y elaboraci\u00f3n de informe.<\/span><\/p>\n<\/div>\n<\/div>\n<\/div>\n<\/div>\n<\/div>\n<\/div>\n<\/div>\n\n","protected":false},"excerpt":{"rendered":"","protected":false},"author":1,"featured_media":4006,"menu_order":0,"comment_status":"open","ping_status":"open","template":"","format":"standard","meta":[],"pj-categs":[81],"pj-tags":[],"yoast_head":"<!-- This site is optimized with the Yoast SEO plugin v19.9 - https:\/\/yoast.com\/wordpress\/plugins\/seo\/ -->\n<title>Prospecci\u00f3n, censo poblacional y evaluaci\u00f3n del estado de conservaci\u00f3n de la especie vegetal protegida Viola cazorlensis Gand. en la provincia de Albacete - Instituto Bot\u00e1nico<\/title>\n<meta name=\"robots\" content=\"index, follow, max-snippet:-1, max-image-preview:large, max-video-preview:-1\" \/>\n<link rel=\"canonical\" href=\"https:\/\/botanico.uclm.es\/en\/project\/prospeccion-censo-poblacional-y-evaluacion-del-estado-de-conservacion-de-la-especie-vegetal-protegida-viola-cazorlensis-gand-en-la-provincia-de-albacete\/\" \/>\n<meta property=\"og:locale\" content=\"en_US\" \/>\n<meta property=\"og:type\" content=\"article\" \/>\n<meta property=\"og:title\" content=\"Prospecci\u00f3n, censo poblacional y evaluaci\u00f3n del estado de conservaci\u00f3n de la especie vegetal protegida Viola cazorlensis Gand. en la provincia de Albacete - Instituto Bot\u00e1nico\" \/>\n<meta property=\"og:url\" content=\"https:\/\/botanico.uclm.es\/en\/project\/prospeccion-censo-poblacional-y-evaluacion-del-estado-de-conservacion-de-la-especie-vegetal-protegida-viola-cazorlensis-gand-en-la-provincia-de-albacete\/\" \/>\n<meta property=\"og:site_name\" content=\"Instituto Bot\u00e1nico\" \/>\n<meta property=\"article:modified_time\" content=\"2022-12-22T11:31:52+00:00\" \/>\n<meta property=\"og:image\" content=\"https:\/\/botanico.uclm.es\/wp-content\/uploads\/2015\/09\/p7.jpeg\" \/>\n\t<meta property=\"og:image:width\" content=\"1415\" \/>\n\t<meta property=\"og:image:height\" content=\"1062\" \/>\n\t<meta property=\"og:image:type\" content=\"image\/jpeg\" \/>\n<meta name=\"twitter:card\" content=\"summary_large_image\" \/>\n<meta name=\"twitter:label1\" content=\"Est. reading time\" \/>\n\t<meta name=\"twitter:data1\" content=\"1 minute\" \/>\n<script type=\"application\/ld+json\" class=\"yoast-schema-graph\">{\"@context\":\"https:\/\/schema.org\",\"@graph\":[{\"@type\":\"WebPage\",\"@id\":\"https:\/\/botanico.uclm.es\/en\/project\/prospeccion-censo-poblacional-y-evaluacion-del-estado-de-conservacion-de-la-especie-vegetal-protegida-viola-cazorlensis-gand-en-la-provincia-de-albacete\/\",\"url\":\"https:\/\/botanico.uclm.es\/en\/project\/prospeccion-censo-poblacional-y-evaluacion-del-estado-de-conservacion-de-la-especie-vegetal-protegida-viola-cazorlensis-gand-en-la-provincia-de-albacete\/\",\"name\":\"Prospecci\u00f3n, censo poblacional y evaluaci\u00f3n del estado de conservaci\u00f3n de la especie vegetal protegida Viola cazorlensis Gand. en la provincia de Albacete - Instituto Bot\u00e1nico\",\"isPartOf\":{\"@id\":\"https:\/\/botanico.uclm.es\/#website\"},\"datePublished\":\"2015-12-14T08:11:58+00:00\",\"dateModified\":\"2022-12-22T11:31:52+00:00\",\"breadcrumb\":{\"@id\":\"https:\/\/botanico.uclm.es\/en\/project\/prospeccion-censo-poblacional-y-evaluacion-del-estado-de-conservacion-de-la-especie-vegetal-protegida-viola-cazorlensis-gand-en-la-provincia-de-albacete\/#breadcrumb\"},\"inLanguage\":\"ENH\",\"potentialAction\":[{\"@type\":\"ReadAction\",\"target\":[\"https:\/\/botanico.uclm.es\/en\/project\/prospeccion-censo-poblacional-y-evaluacion-del-estado-de-conservacion-de-la-especie-vegetal-protegida-viola-cazorlensis-gand-en-la-provincia-de-albacete\/\"]}]},{\"@type\":\"BreadcrumbList\",\"@id\":\"https:\/\/botanico.uclm.es\/en\/project\/prospeccion-censo-poblacional-y-evaluacion-del-estado-de-conservacion-de-la-especie-vegetal-protegida-viola-cazorlensis-gand-en-la-provincia-de-albacete\/#breadcrumb\",\"itemListElement\":[{\"@type\":\"ListItem\",\"position\":1,\"name\":\"Portada\",\"item\":\"https:\/\/botanico.uclm.es\/en\/\"},{\"@type\":\"ListItem\",\"position\":2,\"name\":\"Projects\",\"item\":\"https:\/\/botanico.uclm.es\/project\/\"},{\"@type\":\"ListItem\",\"position\":3,\"name\":\"Prospecci\u00f3n, censo poblacional y evaluaci\u00f3n del estado de conservaci\u00f3n de la especie vegetal protegida Viola cazorlensis Gand. en la provincia de Albacete\"}]},{\"@type\":\"WebSite\",\"@id\":\"https:\/\/botanico.uclm.es\/#website\",\"url\":\"https:\/\/botanico.uclm.es\/\",\"name\":\"Instituto Bot\u00e1nico\",\"description\":\"Universidad de Castilla-La Mancha\",\"potentialAction\":[{\"@type\":\"SearchAction\",\"target\":{\"@type\":\"EntryPoint\",\"urlTemplate\":\"https:\/\/botanico.uclm.es\/?s={search_term_string}\"},\"query-input\":\"required name=search_term_string\"}],\"inLanguage\":\"ENH\"}]}<\/script>\n<!-- \/ Yoast SEO plugin. -->","yoast_head_json":{"title":"Prospecci\u00f3n, censo poblacional y evaluaci\u00f3n del estado de conservaci\u00f3n de la especie vegetal protegida Viola cazorlensis Gand. en la provincia de Albacete - Instituto Bot\u00e1nico","robots":{"index":"index","follow":"follow","max-snippet":"max-snippet:-1","max-image-preview":"max-image-preview:large","max-video-preview":"max-video-preview:-1"},"canonical":"https:\/\/botanico.uclm.es\/en\/project\/prospeccion-censo-poblacional-y-evaluacion-del-estado-de-conservacion-de-la-especie-vegetal-protegida-viola-cazorlensis-gand-en-la-provincia-de-albacete\/","og_locale":"en_US","og_type":"article","og_title":"Prospecci\u00f3n, censo poblacional y evaluaci\u00f3n del estado de conservaci\u00f3n de la especie vegetal protegida Viola cazorlensis Gand. en la provincia de Albacete - Instituto Bot\u00e1nico","og_url":"https:\/\/botanico.uclm.es\/en\/project\/prospeccion-censo-poblacional-y-evaluacion-del-estado-de-conservacion-de-la-especie-vegetal-protegida-viola-cazorlensis-gand-en-la-provincia-de-albacete\/","og_site_name":"Instituto Bot\u00e1nico","article_modified_time":"2022-12-22T11:31:52+00:00","og_image":[{"width":1415,"height":1062,"url":"https:\/\/botanico.uclm.es\/wp-content\/uploads\/2015\/09\/p7.jpeg","type":"image\/jpeg"}],"twitter_card":"summary_large_image","twitter_misc":{"Est. reading time":"1 minute"},"schema":{"@context":"https:\/\/schema.org","@graph":[{"@type":"WebPage","@id":"https:\/\/botanico.uclm.es\/en\/project\/prospeccion-censo-poblacional-y-evaluacion-del-estado-de-conservacion-de-la-especie-vegetal-protegida-viola-cazorlensis-gand-en-la-provincia-de-albacete\/","url":"https:\/\/botanico.uclm.es\/en\/project\/prospeccion-censo-poblacional-y-evaluacion-del-estado-de-conservacion-de-la-especie-vegetal-protegida-viola-cazorlensis-gand-en-la-provincia-de-albacete\/","name":"Prospecci\u00f3n, censo poblacional y evaluaci\u00f3n del estado de conservaci\u00f3n de la especie vegetal protegida Viola cazorlensis Gand. en la provincia de Albacete - Instituto Bot\u00e1nico","isPartOf":{"@id":"https:\/\/botanico.uclm.es\/#website"},"datePublished":"2015-12-14T08:11:58+00:00","dateModified":"2022-12-22T11:31:52+00:00","breadcrumb":{"@id":"https:\/\/botanico.uclm.es\/en\/project\/prospeccion-censo-poblacional-y-evaluacion-del-estado-de-conservacion-de-la-especie-vegetal-protegida-viola-cazorlensis-gand-en-la-provincia-de-albacete\/#breadcrumb"},"inLanguage":"ENH","potentialAction":[{"@type":"ReadAction","target":["https:\/\/botanico.uclm.es\/en\/project\/prospeccion-censo-poblacional-y-evaluacion-del-estado-de-conservacion-de-la-especie-vegetal-protegida-viola-cazorlensis-gand-en-la-provincia-de-albacete\/"]}]},{"@type":"BreadcrumbList","@id":"https:\/\/botanico.uclm.es\/en\/project\/prospeccion-censo-poblacional-y-evaluacion-del-estado-de-conservacion-de-la-especie-vegetal-protegida-viola-cazorlensis-gand-en-la-provincia-de-albacete\/#breadcrumb","itemListElement":[{"@type":"ListItem","position":1,"name":"Portada","item":"https:\/\/botanico.uclm.es\/en\/"},{"@type":"ListItem","position":2,"name":"Projects","item":"https:\/\/botanico.uclm.es\/project\/"},{"@type":"ListItem","position":3,"name":"Prospecci\u00f3n, censo poblacional y evaluaci\u00f3n del estado de conservaci\u00f3n de la especie vegetal protegida Viola cazorlensis Gand. en la provincia de Albacete"}]},{"@type":"WebSite","@id":"https:\/\/botanico.uclm.es\/#website","url":"https:\/\/botanico.uclm.es\/","name":"Instituto Bot\u00e1nico","description":"Universidad de Castilla-La Mancha","potentialAction":[{"@type":"SearchAction","target":{"@type":"EntryPoint","urlTemplate":"https:\/\/botanico.uclm.es\/?s={search_term_string}"},"query-input":"required name=search_term_string"}],"inLanguage":"ENH"}]}},"_links":{"self":[{"href":"https:\/\/botanico.uclm.es\/en\/wp-json\/wp\/v2\/project\/4040"}],"collection":[{"href":"https:\/\/botanico.uclm.es\/en\/wp-json\/wp\/v2\/project"}],"about":[{"href":"https:\/\/botanico.uclm.es\/en\/wp-json\/wp\/v2\/types\/project"}],"author":[{"embeddable":true,"href":"https:\/\/botanico.uclm.es\/en\/wp-json\/wp\/v2\/users\/1"}],"replies":[{"embeddable":true,"href":"https:\/\/botanico.uclm.es\/en\/wp-json\/wp\/v2\/comments?post=4040"}],"version-history":[{"count":1,"href":"https:\/\/botanico.uclm.es\/en\/wp-json\/wp\/v2\/project\/4040\/revisions"}],"predecessor-version":[{"id":6772,"href":"https:\/\/botanico.uclm.es\/en\/wp-json\/wp\/v2\/project\/4040\/revisions\/6772"}],"wp:featuredmedia":[{"embeddable":true,"href":"https:\/\/botanico.uclm.es\/en\/wp-json\/wp\/v2\/media\/4006"}],"wp:attachment":[{"href":"https:\/\/botanico.uclm.es\/en\/wp-json\/wp\/v2\/media?parent=4040"}],"wp:term":[{"taxonomy":"pj-categs","embeddable":true,"href":"https:\/\/botanico.uclm.es\/en\/wp-json\/wp\/v2\/pj-categs?post=4040"},{"taxonomy":"pj-tags","embeddable":true,"href":"https:\/\/botanico.uclm.es\/en\/wp-json\/wp\/v2\/pj-tags?post=4040"}],"curies":[{"name":"wp","href":"https:\/\/api.w.org\/{rel}","templated":true}]}}

Prospección, censo poblacional y evaluación del estado de conservación de la especie vegetal protegida Viola cazorlensis Gand. en la provincia de Albacete

<style type="text/css"> 
#cmsms_row_69f0d52e0fe29 .cmsms_row_outer_parent { 
	padding-top: 0px; 
} 

#cmsms_row_69f0d52e0fe29 .cmsms_row_outer_parent { 
	padding-bottom: 50px; 
} 

</style><div id="cmsms_row_69f0d52e0fe29" class="cmsms_row cmsms_color_scheme_default">
<div class="cmsms_row_outer_parent">
<div class="cmsms_row_outer">
<div class="cmsms_row_inner">
<div class="cmsms_row_margin">
<div class="cmsms_column one_first">
<div class="cmsms_text">
<h2>Resumen</h2>
<p class="p1"><span class="s1">Revisión del estado de conservación de la especie vegetal Viola cazorlensis, catalogada como Vulnerable en CLM, mediante cartografía, censos y evaluación de amenazas en campo, y elaboración de informe.</span></p>
</div>
</div>
</div>
</div>
</div>
</div>
</div>

<!-- This site is optimized with the Yoast SEO plugin v19.9 - https://yoast.com/wordpress/plugins/seo/ -->
<title>Prospección, censo poblacional y evaluación del estado de conservación de la especie vegetal protegida Viola cazorlensis Gand. en la provincia de Albacete - Instituto Botánico</title>
<meta name="robots" content="index, follow, max-snippet:-1, max-image-preview:large, max-video-preview:-1" />
<link rel="canonical" href="https://botanico.uclm.es/en/project/prospeccion-censo-poblacional-y-evaluacion-del-estado-de-conservacion-de-la-especie-vegetal-protegida-viola-cazorlensis-gand-en-la-provincia-de-albacete/" />
<meta property="og:locale" content="en_US" />
<meta property="og:type" content="article" />
<meta property="og:title" content="Prospección, censo poblacional y evaluación del estado de conservación de la especie vegetal protegida Viola cazorlensis Gand. en la provincia de Albacete - Instituto Botánico" />
<meta property="og:url" content="https://botanico.uclm.es/en/project/prospeccion-censo-poblacional-y-evaluacion-del-estado-de-conservacion-de-la-especie-vegetal-protegida-viola-cazorlensis-gand-en-la-provincia-de-albacete/" />
<meta property="og:site_name" content="Instituto Botánico" />
<meta property="article:modified_time" content="2022-12-22T11:31:52+00:00" />
<meta property="og:image" content="https://botanico.uclm.es/wp-content/uploads/2015/09/p7.jpeg" />
	<meta property="og:image:width" content="1415" />
	<meta property="og:image:height" content="1062" />
	<meta property="og:image:type" content="image/jpeg" />
<meta name="twitter:card" content="summary_large_image" />
<meta name="twitter:label1" content="Est. reading time" />
	<meta name="twitter:data1" content="1 minute" />
<script type="application/ld+json" class="yoast-schema-graph">{"@context":"https://schema.org","@graph":[{"@type":"WebPage","@id":"https://botanico.uclm.es/en/project/prospeccion-censo-poblacional-y-evaluacion-del-estado-de-conservacion-de-la-especie-vegetal-protegida-viola-cazorlensis-gand-en-la-provincia-de-albacete/","url":"https://botanico.uclm.es/en/project/prospeccion-censo-poblacional-y-evaluacion-del-estado-de-conservacion-de-la-especie-vegetal-protegida-viola-cazorlensis-gand-en-la-provincia-de-albacete/","name":"Prospección, censo poblacional y evaluación del estado de conservación de la especie vegetal protegida Viola cazorlensis Gand. en la provincia de Albacete - Instituto Botánico","isPartOf":{"@id":"https://botanico.uclm.es/#website"},"datePublished":"2015-12-14T08:11:58+00:00","dateModified":"2022-12-22T11:31:52+00:00","breadcrumb":{"@id":"https://botanico.uclm.es/en/project/prospeccion-censo-poblacional-y-evaluacion-del-estado-de-conservacion-de-la-especie-vegetal-protegida-viola-cazorlensis-gand-en-la-provincia-de-albacete/#breadcrumb"},"inLanguage":"ENH","potentialAction":[{"@type":"ReadAction","target":["https://botanico.uclm.es/en/project/prospeccion-censo-poblacional-y-evaluacion-del-estado-de-conservacion-de-la-especie-vegetal-protegida-viola-cazorlensis-gand-en-la-provincia-de-albacete/"]}]},{"@type":"BreadcrumbList","@id":"https://botanico.uclm.es/en/project/prospeccion-censo-poblacional-y-evaluacion-del-estado-de-conservacion-de-la-especie-vegetal-protegida-viola-cazorlensis-gand-en-la-provincia-de-albacete/#breadcrumb","itemListElement":[{"@type":"ListItem","position":1,"name":"Portada","item":"https://botanico.uclm.es/en/"},{"@type":"ListItem","position":2,"name":"Projects","item":"https://botanico.uclm.es/project/"},{"@type":"ListItem","position":3,"name":"Prospección, censo poblacional y evaluación del estado de conservación de la especie vegetal protegida Viola cazorlensis Gand. en la provincia de Albacete"}]},{"@type":"WebSite","@id":"https://botanico.uclm.es/#website","url":"https://botanico.uclm.es/","name":"Instituto Botánico","description":"Universidad de Castilla-La Mancha","potentialAction":[{"@type":"SearchAction","target":{"@type":"EntryPoint","urlTemplate":"https://botanico.uclm.es/?s={search_term_string}"},"query-input":"required name=search_term_string"}],"inLanguage":"ENH"}]}</script>
<!-- / Yoast SEO plugin. -->

Prospección, censo poblacional y evaluación del estado de conservación de la especie vegetal protegida Viola cazorlensis Gand. en la provincia de Albacete - Instituto Botánico

Instituto Botánico
