{"id":4334,"date":"2015-10-16T11:52:25","date_gmt":"2015-10-16T09:52:25","guid":{"rendered":"http:\/\/botanico.uclm.es\/?post_type=project&#038;p=4334"},"modified":"2015-10-16T12:02:28","modified_gmt":"2015-10-16T10:02:28","slug":"diseno-y-prioridades-para-un-banco-de-germoplasma-en-el-jbclm-una-respuesta-ante-el-cambio-climatico-y-global","status":"publish","type":"project","link":"https:\/\/botanico.uclm.es\/en\/project\/diseno-y-prioridades-para-un-banco-de-germoplasma-en-el-jbclm-una-respuesta-ante-el-cambio-climatico-y-global\/","title":{"rendered":"Dise\u00f1o y prioridades para un banco de germoplasma en el JBCLM. Una respuesta ante el cambio clim\u00e1tico y global"},"content":{"rendered":"<style type=\"text\/css\"> \n#cmsms_row_69f1e94dddc62 .cmsms_row_outer_parent { \n\tpadding-top: 0px; \n} \n\n#cmsms_row_69f1e94dddc62 .cmsms_row_outer_parent { \n\tpadding-bottom: 50px; \n} \n\n\n#cmsms_button_69f1e94dde04b { \n\ttext-align:center; \n} \n\n#cmsms_button_69f1e94dde04b .cmsms_button:before { \n\tmargin-right:.5em; \n\tmargin-left:0; \n\tvertical-align:baseline; \n} \n\n#cmsms_button_69f1e94dde04b .cmsms_button { \n\tfont-weight:100; \n\tfont-style:normal; \n\tpadding-right:20px; \n\tpadding-left:20px; \n} \n#cmsms_button_69f1e94dde04b .cmsms_button:hover { \n} \n<\/style><div id=\"cmsms_row_69f1e94dddc62\" class=\"cmsms_row cmsms_color_scheme_default\">\n<div class=\"cmsms_row_outer_parent\">\n<div class=\"cmsms_row_outer\">\n<div class=\"cmsms_row_inner\">\n<div class=\"cmsms_row_margin\">\n<div class=\"cmsms_column one_first\">\n<div class=\"cmsms_text\">\n<h2>Abstract<\/h2>\n<p class=\"p1\">The Germplasm Bank of the Botanical Garden of Castilla-La Mancha was started in early 2008, within the project \u201cCreation of a germplasm bank of threatened wild flora in the Botanical Garden of Castilla-La Mancha\u201d, funded by the local Government of Castilla-La Mancha Region. The main goal was to conserve orthodox seeds (those which tolerate desiccation up to 4-5% of water content and low temperatures) of threatened plant species. However, the status range of taxa included in the collection has been increasing as the project progressed. Up to June 2011, 577 accessions of 415 autochthonous taxa, belonging to 60 phanerogam families, were conserved. Many of them (164) are threatened taxa (those included in the Red List of Spanish Vascular Flora and\/or the Regional Catalogue of Threatened Species of Castilla-La Mancha), in correspondence with the original vocation of the bank, i.e. ex situ conservation of plant taxa with narrow geographical range. In addition, many accessions (93) in the bank belong to species with forest interest included in the Strategy for Conservation and Sustainable Use of Genetic Forest Resources. The remaining 320 accessions correspond to species with ornamental, aromatic, and medicinal interest.<\/p>\n<p class=\"p1\"><strong>Key words:<\/strong> seed bank, <em>ex situ<\/em> conservation, long term seed storage, CastillaLa Mancha Botanical Garden.<\/p>\n<\/div>\n\n<div id=\"cmsms_button_69f1e94dde04b\" class=\"button_wrap\"><a href=\"https:\/\/www.google.es\/url?sa=t&#038;rct=j&#038;q=&#038;esrc=s&#038;source=web&#038;cd=3&#038;cad=rja&#038;uact=8&#038;ved=0CCcQFjACahUKEwje0aOc6arIAhXFPxoKHe0jBkU&#038;url=http%3A%2F%2Fpandora.dipualba.es%2Fhigh.raw%3Fid%3D0000001079%26name%3D00000001.original.pdf%26attachment%3D0000001079.pdf&#038;usg=AFQjCNENUN_rteSy2wMVTnMUSLOrRxXQGw\" class=\"cmsms_button\" target=\"_blank\">Link to the chapter<\/a><\/div>\n<\/div>\n<\/div>\n<\/div>\n<\/div>\n<\/div>\n<\/div>\n\n","protected":false},"excerpt":{"rendered":"","protected":false},"author":1,"featured_media":4307,"menu_order":0,"comment_status":"open","ping_status":"open","template":"","format":"standard","meta":[],"pj-categs":[97],"pj-tags":[],"yoast_head":"<!-- This site is optimized with the Yoast SEO plugin v19.9 - https:\/\/yoast.com\/wordpress\/plugins\/seo\/ -->\n<title>Dise\u00f1o y prioridades para un banco de germoplasma en el JBCLM. Una respuesta ante el cambio clim\u00e1tico y global - Instituto Bot\u00e1nico<\/title>\n<meta name=\"robots\" content=\"index, follow, max-snippet:-1, max-image-preview:large, max-video-preview:-1\" \/>\n<link rel=\"canonical\" href=\"https:\/\/botanico.uclm.es\/en\/project\/diseno-y-prioridades-para-un-banco-de-germoplasma-en-el-jbclm-una-respuesta-ante-el-cambio-climatico-y-global\/\" \/>\n<meta property=\"og:locale\" content=\"en_US\" \/>\n<meta property=\"og:type\" content=\"article\" \/>\n<meta property=\"og:title\" content=\"Dise\u00f1o y prioridades para un banco de germoplasma en el JBCLM. Una respuesta ante el cambio clim\u00e1tico y global - Instituto Bot\u00e1nico\" \/>\n<meta property=\"og:url\" content=\"https:\/\/botanico.uclm.es\/en\/project\/diseno-y-prioridades-para-un-banco-de-germoplasma-en-el-jbclm-una-respuesta-ante-el-cambio-climatico-y-global\/\" \/>\n<meta property=\"og:site_name\" content=\"Instituto Bot\u00e1nico\" \/>\n<meta property=\"article:modified_time\" content=\"2015-10-16T10:02:28+00:00\" \/>\n<meta property=\"og:image\" content=\"https:\/\/botanico.uclm.es\/wp-content\/uploads\/2015\/10\/Captura-de-pantalla-2015-10-16-a-las-9.55.42.png\" \/>\n\t<meta property=\"og:image:width\" content=\"643\" \/>\n\t<meta property=\"og:image:height\" content=\"850\" \/>\n\t<meta property=\"og:image:type\" content=\"image\/png\" \/>\n<meta name=\"twitter:card\" content=\"summary_large_image\" \/>\n<meta name=\"twitter:label1\" content=\"Est. reading time\" \/>\n\t<meta name=\"twitter:data1\" content=\"2 minutes\" \/>\n<script type=\"application\/ld+json\" class=\"yoast-schema-graph\">{\"@context\":\"https:\/\/schema.org\",\"@graph\":[{\"@type\":\"WebPage\",\"@id\":\"https:\/\/botanico.uclm.es\/en\/project\/diseno-y-prioridades-para-un-banco-de-germoplasma-en-el-jbclm-una-respuesta-ante-el-cambio-climatico-y-global\/\",\"url\":\"https:\/\/botanico.uclm.es\/en\/project\/diseno-y-prioridades-para-un-banco-de-germoplasma-en-el-jbclm-una-respuesta-ante-el-cambio-climatico-y-global\/\",\"name\":\"Dise\u00f1o y prioridades para un banco de germoplasma en el JBCLM. Una respuesta ante el cambio clim\u00e1tico y global - Instituto Bot\u00e1nico\",\"isPartOf\":{\"@id\":\"https:\/\/botanico.uclm.es\/#website\"},\"datePublished\":\"2015-10-16T09:52:25+00:00\",\"dateModified\":\"2015-10-16T10:02:28+00:00\",\"breadcrumb\":{\"@id\":\"https:\/\/botanico.uclm.es\/en\/project\/diseno-y-prioridades-para-un-banco-de-germoplasma-en-el-jbclm-una-respuesta-ante-el-cambio-climatico-y-global\/#breadcrumb\"},\"inLanguage\":\"ENH\",\"potentialAction\":[{\"@type\":\"ReadAction\",\"target\":[\"https:\/\/botanico.uclm.es\/en\/project\/diseno-y-prioridades-para-un-banco-de-germoplasma-en-el-jbclm-una-respuesta-ante-el-cambio-climatico-y-global\/\"]}]},{\"@type\":\"BreadcrumbList\",\"@id\":\"https:\/\/botanico.uclm.es\/en\/project\/diseno-y-prioridades-para-un-banco-de-germoplasma-en-el-jbclm-una-respuesta-ante-el-cambio-climatico-y-global\/#breadcrumb\",\"itemListElement\":[{\"@type\":\"ListItem\",\"position\":1,\"name\":\"Portada\",\"item\":\"https:\/\/botanico.uclm.es\/en\/\"},{\"@type\":\"ListItem\",\"position\":2,\"name\":\"Projects\",\"item\":\"https:\/\/botanico.uclm.es\/project\/\"},{\"@type\":\"ListItem\",\"position\":3,\"name\":\"Dise\u00f1o y prioridades para un banco de germoplasma en el JBCLM. Una respuesta ante el cambio clim\u00e1tico y global\"}]},{\"@type\":\"WebSite\",\"@id\":\"https:\/\/botanico.uclm.es\/#website\",\"url\":\"https:\/\/botanico.uclm.es\/\",\"name\":\"Instituto Bot\u00e1nico\",\"description\":\"Universidad de Castilla-La Mancha\",\"potentialAction\":[{\"@type\":\"SearchAction\",\"target\":{\"@type\":\"EntryPoint\",\"urlTemplate\":\"https:\/\/botanico.uclm.es\/?s={search_term_string}\"},\"query-input\":\"required name=search_term_string\"}],\"inLanguage\":\"ENH\"}]}<\/script>\n<!-- \/ Yoast SEO plugin. -->","yoast_head_json":{"title":"Dise\u00f1o y prioridades para un banco de germoplasma en el JBCLM. Una respuesta ante el cambio clim\u00e1tico y global - Instituto Bot\u00e1nico","robots":{"index":"index","follow":"follow","max-snippet":"max-snippet:-1","max-image-preview":"max-image-preview:large","max-video-preview":"max-video-preview:-1"},"canonical":"https:\/\/botanico.uclm.es\/en\/project\/diseno-y-prioridades-para-un-banco-de-germoplasma-en-el-jbclm-una-respuesta-ante-el-cambio-climatico-y-global\/","og_locale":"en_US","og_type":"article","og_title":"Dise\u00f1o y prioridades para un banco de germoplasma en el JBCLM. Una respuesta ante el cambio clim\u00e1tico y global - Instituto Bot\u00e1nico","og_url":"https:\/\/botanico.uclm.es\/en\/project\/diseno-y-prioridades-para-un-banco-de-germoplasma-en-el-jbclm-una-respuesta-ante-el-cambio-climatico-y-global\/","og_site_name":"Instituto Bot\u00e1nico","article_modified_time":"2015-10-16T10:02:28+00:00","og_image":[{"width":643,"height":850,"url":"https:\/\/botanico.uclm.es\/wp-content\/uploads\/2015\/10\/Captura-de-pantalla-2015-10-16-a-las-9.55.42.png","type":"image\/png"}],"twitter_card":"summary_large_image","twitter_misc":{"Est. reading time":"2 minutes"},"schema":{"@context":"https:\/\/schema.org","@graph":[{"@type":"WebPage","@id":"https:\/\/botanico.uclm.es\/en\/project\/diseno-y-prioridades-para-un-banco-de-germoplasma-en-el-jbclm-una-respuesta-ante-el-cambio-climatico-y-global\/","url":"https:\/\/botanico.uclm.es\/en\/project\/diseno-y-prioridades-para-un-banco-de-germoplasma-en-el-jbclm-una-respuesta-ante-el-cambio-climatico-y-global\/","name":"Dise\u00f1o y prioridades para un banco de germoplasma en el JBCLM. Una respuesta ante el cambio clim\u00e1tico y global - Instituto Bot\u00e1nico","isPartOf":{"@id":"https:\/\/botanico.uclm.es\/#website"},"datePublished":"2015-10-16T09:52:25+00:00","dateModified":"2015-10-16T10:02:28+00:00","breadcrumb":{"@id":"https:\/\/botanico.uclm.es\/en\/project\/diseno-y-prioridades-para-un-banco-de-germoplasma-en-el-jbclm-una-respuesta-ante-el-cambio-climatico-y-global\/#breadcrumb"},"inLanguage":"ENH","potentialAction":[{"@type":"ReadAction","target":["https:\/\/botanico.uclm.es\/en\/project\/diseno-y-prioridades-para-un-banco-de-germoplasma-en-el-jbclm-una-respuesta-ante-el-cambio-climatico-y-global\/"]}]},{"@type":"BreadcrumbList","@id":"https:\/\/botanico.uclm.es\/en\/project\/diseno-y-prioridades-para-un-banco-de-germoplasma-en-el-jbclm-una-respuesta-ante-el-cambio-climatico-y-global\/#breadcrumb","itemListElement":[{"@type":"ListItem","position":1,"name":"Portada","item":"https:\/\/botanico.uclm.es\/en\/"},{"@type":"ListItem","position":2,"name":"Projects","item":"https:\/\/botanico.uclm.es\/project\/"},{"@type":"ListItem","position":3,"name":"Dise\u00f1o y prioridades para un banco de germoplasma en el JBCLM. Una respuesta ante el cambio clim\u00e1tico y global"}]},{"@type":"WebSite","@id":"https:\/\/botanico.uclm.es\/#website","url":"https:\/\/botanico.uclm.es\/","name":"Instituto Bot\u00e1nico","description":"Universidad de Castilla-La Mancha","potentialAction":[{"@type":"SearchAction","target":{"@type":"EntryPoint","urlTemplate":"https:\/\/botanico.uclm.es\/?s={search_term_string}"},"query-input":"required name=search_term_string"}],"inLanguage":"ENH"}]}},"_links":{"self":[{"href":"https:\/\/botanico.uclm.es\/en\/wp-json\/wp\/v2\/project\/4334"}],"collection":[{"href":"https:\/\/botanico.uclm.es\/en\/wp-json\/wp\/v2\/project"}],"about":[{"href":"https:\/\/botanico.uclm.es\/en\/wp-json\/wp\/v2\/types\/project"}],"author":[{"embeddable":true,"href":"https:\/\/botanico.uclm.es\/en\/wp-json\/wp\/v2\/users\/1"}],"replies":[{"embeddable":true,"href":"https:\/\/botanico.uclm.es\/en\/wp-json\/wp\/v2\/comments?post=4334"}],"version-history":[{"count":1,"href":"https:\/\/botanico.uclm.es\/en\/wp-json\/wp\/v2\/project\/4334\/revisions"}],"predecessor-version":[{"id":4335,"href":"https:\/\/botanico.uclm.es\/en\/wp-json\/wp\/v2\/project\/4334\/revisions\/4335"}],"wp:featuredmedia":[{"embeddable":true,"href":"https:\/\/botanico.uclm.es\/en\/wp-json\/wp\/v2\/media\/4307"}],"wp:attachment":[{"href":"https:\/\/botanico.uclm.es\/en\/wp-json\/wp\/v2\/media?parent=4334"}],"wp:term":[{"taxonomy":"pj-categs","embeddable":true,"href":"https:\/\/botanico.uclm.es\/en\/wp-json\/wp\/v2\/pj-categs?post=4334"},{"taxonomy":"pj-tags","embeddable":true,"href":"https:\/\/botanico.uclm.es\/en\/wp-json\/wp\/v2\/pj-tags?post=4334"}],"curies":[{"name":"wp","href":"https:\/\/api.w.org\/{rel}","templated":true}]}}

Diseño y prioridades para un banco de germoplasma en el JBCLM. Una respuesta ante el cambio climático y global

<!-- This site is optimized with the Yoast SEO plugin v19.9 - https://yoast.com/wordpress/plugins/seo/ -->
<title>Diseño y prioridades para un banco de germoplasma en el JBCLM. Una respuesta ante el cambio climático y global - Instituto Botánico</title>
<meta name="robots" content="index, follow, max-snippet:-1, max-image-preview:large, max-video-preview:-1" />
<link rel="canonical" href="https://botanico.uclm.es/en/project/diseno-y-prioridades-para-un-banco-de-germoplasma-en-el-jbclm-una-respuesta-ante-el-cambio-climatico-y-global/" />
<meta property="og:locale" content="en_US" />
<meta property="og:type" content="article" />
<meta property="og:title" content="Diseño y prioridades para un banco de germoplasma en el JBCLM. Una respuesta ante el cambio climático y global - Instituto Botánico" />
<meta property="og:url" content="https://botanico.uclm.es/en/project/diseno-y-prioridades-para-un-banco-de-germoplasma-en-el-jbclm-una-respuesta-ante-el-cambio-climatico-y-global/" />
<meta property="og:site_name" content="Instituto Botánico" />
<meta property="article:modified_time" content="2015-10-16T10:02:28+00:00" />
<meta property="og:image" content="https://botanico.uclm.es/wp-content/uploads/2015/10/Captura-de-pantalla-2015-10-16-a-las-9.55.42.png" />
	<meta property="og:image:width" content="643" />
	<meta property="og:image:height" content="850" />
	<meta property="og:image:type" content="image/png" />
<meta name="twitter:card" content="summary_large_image" />
<meta name="twitter:label1" content="Est. reading time" />
	<meta name="twitter:data1" content="2 minutes" />
<script type="application/ld+json" class="yoast-schema-graph">{"@context":"https://schema.org","@graph":[{"@type":"WebPage","@id":"https://botanico.uclm.es/en/project/diseno-y-prioridades-para-un-banco-de-germoplasma-en-el-jbclm-una-respuesta-ante-el-cambio-climatico-y-global/","url":"https://botanico.uclm.es/en/project/diseno-y-prioridades-para-un-banco-de-germoplasma-en-el-jbclm-una-respuesta-ante-el-cambio-climatico-y-global/","name":"Diseño y prioridades para un banco de germoplasma en el JBCLM. Una respuesta ante el cambio climático y global - Instituto Botánico","isPartOf":{"@id":"https://botanico.uclm.es/#website"},"datePublished":"2015-10-16T09:52:25+00:00","dateModified":"2015-10-16T10:02:28+00:00","breadcrumb":{"@id":"https://botanico.uclm.es/en/project/diseno-y-prioridades-para-un-banco-de-germoplasma-en-el-jbclm-una-respuesta-ante-el-cambio-climatico-y-global/#breadcrumb"},"inLanguage":"ENH","potentialAction":[{"@type":"ReadAction","target":["https://botanico.uclm.es/en/project/diseno-y-prioridades-para-un-banco-de-germoplasma-en-el-jbclm-una-respuesta-ante-el-cambio-climatico-y-global/"]}]},{"@type":"BreadcrumbList","@id":"https://botanico.uclm.es/en/project/diseno-y-prioridades-para-un-banco-de-germoplasma-en-el-jbclm-una-respuesta-ante-el-cambio-climatico-y-global/#breadcrumb","itemListElement":[{"@type":"ListItem","position":1,"name":"Portada","item":"https://botanico.uclm.es/en/"},{"@type":"ListItem","position":2,"name":"Projects","item":"https://botanico.uclm.es/project/"},{"@type":"ListItem","position":3,"name":"Diseño y prioridades para un banco de germoplasma en el JBCLM. Una respuesta ante el cambio climático y global"}]},{"@type":"WebSite","@id":"https://botanico.uclm.es/#website","url":"https://botanico.uclm.es/","name":"Instituto Botánico","description":"Universidad de Castilla-La Mancha","potentialAction":[{"@type":"SearchAction","target":{"@type":"EntryPoint","urlTemplate":"https://botanico.uclm.es/?s={search_term_string}"},"query-input":"required name=search_term_string"}],"inLanguage":"ENH"}]}</script>
<!-- / Yoast SEO plugin. -->

Diseño y prioridades para un banco de germoplasma en el JBCLM. Una respuesta ante el cambio climático y global - Instituto Botánico

Instituto Botánico
