{"id":6353,"date":"2014-12-19T10:44:16","date_gmt":"2014-12-19T09:44:16","guid":{"rendered":"https:\/\/botanico.uclm.es\/en\/project\/etnobiologia-del-canon-del-jucar\/"},"modified":"2022-12-21T13:41:50","modified_gmt":"2022-12-21T12:41:50","slug":"etnobiologia-del-canon-del-jucar","status":"publish","type":"project","link":"https:\/\/botanico.uclm.es\/en\/project\/etnobiologia-del-canon-del-jucar\/","title":{"rendered":"Etnobiolog\u00eda del ca\u00f1\u00f3n del J\u00facar"},"content":{"rendered":"<style type=\"text\/css\"> \n#cmsms_row_69f5332bcb20e .cmsms_row_outer_parent { \n\tpadding-top: 0px; \n} \n\n#cmsms_row_69f5332bcb20e .cmsms_row_outer_parent { \n\tpadding-bottom: 50px; \n} \n\n<\/style><div id=\"cmsms_row_69f5332bcb20e\" class=\"cmsms_row cmsms_color_scheme_default\">\n<div class=\"cmsms_row_outer_parent\">\n<div class=\"cmsms_row_outer\">\n<div class=\"cmsms_row_inner\">\n<div class=\"cmsms_row_margin\">\n<div class=\"cmsms_column one_first\">\n<div class=\"cmsms_text\">\n<h2 class=\"Heading\">Resumen<\/h2>\n<p><a href=\"https:\/\/www.google.es\/url?sa=i&amp;url=https%3A%2F%2Fwww.academia.edu%2F10090067%2FEtnobiolog%25C3%25ADa_del_Ca%25C3%25B1%25C3%25B3n_del_J%25C3%25BAcar&amp;psig=AOvVaw1K5-7bEFXhdtx2W6fFZ0sZ&amp;ust=1651684774612000&amp;source=images&amp;cd=vfe&amp;ved=0CAwQjRxqFwoTCNie0LTrw_cCFQAAAAAdAAAAABAD\">https:\/\/www.google.es\/url?sa=i&amp;url=https%3A%2F%2Fwww.academia.edu%2F10090067%2FEtnobiolog%25C3%25ADa_del_Ca%25C3%25B1%25C3%25B3n_del_J%25C3%25BAcar&amp;psig=AOvVaw1K5-7bEFXhdtx2W6fFZ0sZ&amp;ust=1651684774612000&amp;source=images&amp;cd=vfe&amp;ved=0CAwQjRxqFwoTCNie0LTrw_cCFQAAAAAdAAAAABAD<\/a><\/p>\n<\/div>\n<\/div>\n<\/div>\n<\/div>\n<\/div>\n<\/div>\n<\/div>\n\n","protected":false},"excerpt":{"rendered":"","protected":false},"author":1,"featured_media":0,"menu_order":0,"comment_status":"closed","ping_status":"open","template":"","format":"standard","meta":[],"pj-categs":[102],"pj-tags":[],"yoast_head":"<!-- This site is optimized with the Yoast SEO plugin v19.9 - https:\/\/yoast.com\/wordpress\/plugins\/seo\/ -->\n<title>Etnobiolog\u00eda del ca\u00f1\u00f3n del J\u00facar - Instituto Bot\u00e1nico<\/title>\n<meta name=\"robots\" content=\"index, follow, max-snippet:-1, max-image-preview:large, max-video-preview:-1\" \/>\n<link rel=\"canonical\" href=\"https:\/\/botanico.uclm.es\/en\/project\/etnobiologia-del-canon-del-jucar\/\" \/>\n<meta property=\"og:locale\" content=\"en_US\" \/>\n<meta property=\"og:type\" content=\"article\" \/>\n<meta property=\"og:title\" content=\"Etnobiolog\u00eda del ca\u00f1\u00f3n del J\u00facar - Instituto Bot\u00e1nico\" \/>\n<meta property=\"og:url\" content=\"https:\/\/botanico.uclm.es\/en\/project\/etnobiologia-del-canon-del-jucar\/\" \/>\n<meta property=\"og:site_name\" content=\"Instituto Bot\u00e1nico\" \/>\n<meta property=\"article:modified_time\" content=\"2022-12-21T12:41:50+00:00\" \/>\n<meta name=\"twitter:card\" content=\"summary_large_image\" \/>\n<meta name=\"twitter:label1\" content=\"Est. reading time\" \/>\n\t<meta name=\"twitter:data1\" content=\"1 minute\" \/>\n<script type=\"application\/ld+json\" class=\"yoast-schema-graph\">{\"@context\":\"https:\/\/schema.org\",\"@graph\":[{\"@type\":\"WebPage\",\"@id\":\"https:\/\/botanico.uclm.es\/en\/project\/etnobiologia-del-canon-del-jucar\/\",\"url\":\"https:\/\/botanico.uclm.es\/en\/project\/etnobiologia-del-canon-del-jucar\/\",\"name\":\"Etnobiolog\u00eda del ca\u00f1\u00f3n del J\u00facar - Instituto Bot\u00e1nico\",\"isPartOf\":{\"@id\":\"https:\/\/botanico.uclm.es\/#website\"},\"datePublished\":\"2014-12-19T09:44:16+00:00\",\"dateModified\":\"2022-12-21T12:41:50+00:00\",\"breadcrumb\":{\"@id\":\"https:\/\/botanico.uclm.es\/en\/project\/etnobiologia-del-canon-del-jucar\/#breadcrumb\"},\"inLanguage\":\"ENH\",\"potentialAction\":[{\"@type\":\"ReadAction\",\"target\":[\"https:\/\/botanico.uclm.es\/en\/project\/etnobiologia-del-canon-del-jucar\/\"]}]},{\"@type\":\"BreadcrumbList\",\"@id\":\"https:\/\/botanico.uclm.es\/en\/project\/etnobiologia-del-canon-del-jucar\/#breadcrumb\",\"itemListElement\":[{\"@type\":\"ListItem\",\"position\":1,\"name\":\"Portada\",\"item\":\"https:\/\/botanico.uclm.es\/en\/\"},{\"@type\":\"ListItem\",\"position\":2,\"name\":\"Projects\",\"item\":\"https:\/\/botanico.uclm.es\/project\/\"},{\"@type\":\"ListItem\",\"position\":3,\"name\":\"Etnobiolog\u00eda del ca\u00f1\u00f3n del J\u00facar\"}]},{\"@type\":\"WebSite\",\"@id\":\"https:\/\/botanico.uclm.es\/#website\",\"url\":\"https:\/\/botanico.uclm.es\/\",\"name\":\"Instituto Bot\u00e1nico\",\"description\":\"Universidad de Castilla-La Mancha\",\"potentialAction\":[{\"@type\":\"SearchAction\",\"target\":{\"@type\":\"EntryPoint\",\"urlTemplate\":\"https:\/\/botanico.uclm.es\/?s={search_term_string}\"},\"query-input\":\"required name=search_term_string\"}],\"inLanguage\":\"ENH\"}]}<\/script>\n<!-- \/ Yoast SEO plugin. -->","yoast_head_json":{"title":"Etnobiolog\u00eda del ca\u00f1\u00f3n del J\u00facar - Instituto Bot\u00e1nico","robots":{"index":"index","follow":"follow","max-snippet":"max-snippet:-1","max-image-preview":"max-image-preview:large","max-video-preview":"max-video-preview:-1"},"canonical":"https:\/\/botanico.uclm.es\/en\/project\/etnobiologia-del-canon-del-jucar\/","og_locale":"en_US","og_type":"article","og_title":"Etnobiolog\u00eda del ca\u00f1\u00f3n del J\u00facar - Instituto Bot\u00e1nico","og_url":"https:\/\/botanico.uclm.es\/en\/project\/etnobiologia-del-canon-del-jucar\/","og_site_name":"Instituto Bot\u00e1nico","article_modified_time":"2022-12-21T12:41:50+00:00","twitter_card":"summary_large_image","twitter_misc":{"Est. reading time":"1 minute"},"schema":{"@context":"https:\/\/schema.org","@graph":[{"@type":"WebPage","@id":"https:\/\/botanico.uclm.es\/en\/project\/etnobiologia-del-canon-del-jucar\/","url":"https:\/\/botanico.uclm.es\/en\/project\/etnobiologia-del-canon-del-jucar\/","name":"Etnobiolog\u00eda del ca\u00f1\u00f3n del J\u00facar - Instituto Bot\u00e1nico","isPartOf":{"@id":"https:\/\/botanico.uclm.es\/#website"},"datePublished":"2014-12-19T09:44:16+00:00","dateModified":"2022-12-21T12:41:50+00:00","breadcrumb":{"@id":"https:\/\/botanico.uclm.es\/en\/project\/etnobiologia-del-canon-del-jucar\/#breadcrumb"},"inLanguage":"ENH","potentialAction":[{"@type":"ReadAction","target":["https:\/\/botanico.uclm.es\/en\/project\/etnobiologia-del-canon-del-jucar\/"]}]},{"@type":"BreadcrumbList","@id":"https:\/\/botanico.uclm.es\/en\/project\/etnobiologia-del-canon-del-jucar\/#breadcrumb","itemListElement":[{"@type":"ListItem","position":1,"name":"Portada","item":"https:\/\/botanico.uclm.es\/en\/"},{"@type":"ListItem","position":2,"name":"Projects","item":"https:\/\/botanico.uclm.es\/project\/"},{"@type":"ListItem","position":3,"name":"Etnobiolog\u00eda del ca\u00f1\u00f3n del J\u00facar"}]},{"@type":"WebSite","@id":"https:\/\/botanico.uclm.es\/#website","url":"https:\/\/botanico.uclm.es\/","name":"Instituto Bot\u00e1nico","description":"Universidad de Castilla-La Mancha","potentialAction":[{"@type":"SearchAction","target":{"@type":"EntryPoint","urlTemplate":"https:\/\/botanico.uclm.es\/?s={search_term_string}"},"query-input":"required name=search_term_string"}],"inLanguage":"ENH"}]}},"_links":{"self":[{"href":"https:\/\/botanico.uclm.es\/en\/wp-json\/wp\/v2\/project\/6353"}],"collection":[{"href":"https:\/\/botanico.uclm.es\/en\/wp-json\/wp\/v2\/project"}],"about":[{"href":"https:\/\/botanico.uclm.es\/en\/wp-json\/wp\/v2\/types\/project"}],"author":[{"embeddable":true,"href":"https:\/\/botanico.uclm.es\/en\/wp-json\/wp\/v2\/users\/1"}],"replies":[{"embeddable":true,"href":"https:\/\/botanico.uclm.es\/en\/wp-json\/wp\/v2\/comments?post=6353"}],"version-history":[{"count":1,"href":"https:\/\/botanico.uclm.es\/en\/wp-json\/wp\/v2\/project\/6353\/revisions"}],"predecessor-version":[{"id":6354,"href":"https:\/\/botanico.uclm.es\/en\/wp-json\/wp\/v2\/project\/6353\/revisions\/6354"}],"wp:attachment":[{"href":"https:\/\/botanico.uclm.es\/en\/wp-json\/wp\/v2\/media?parent=6353"}],"wp:term":[{"taxonomy":"pj-categs","embeddable":true,"href":"https:\/\/botanico.uclm.es\/en\/wp-json\/wp\/v2\/pj-categs?post=6353"},{"taxonomy":"pj-tags","embeddable":true,"href":"https:\/\/botanico.uclm.es\/en\/wp-json\/wp\/v2\/pj-tags?post=6353"}],"curies":[{"name":"wp","href":"https:\/\/api.w.org\/{rel}","templated":true}]}}

Etnobiología del cañón del Júcar

<!-- This site is optimized with the Yoast SEO plugin v19.9 - https://yoast.com/wordpress/plugins/seo/ -->
<title>Etnobiología del cañón del Júcar - Instituto Botánico</title>
<meta name="robots" content="index, follow, max-snippet:-1, max-image-preview:large, max-video-preview:-1" />
<link rel="canonical" href="https://botanico.uclm.es/en/project/etnobiologia-del-canon-del-jucar/" />
<meta property="og:locale" content="en_US" />
<meta property="og:type" content="article" />
<meta property="og:title" content="Etnobiología del cañón del Júcar - Instituto Botánico" />
<meta property="og:url" content="https://botanico.uclm.es/en/project/etnobiologia-del-canon-del-jucar/" />
<meta property="og:site_name" content="Instituto Botánico" />
<meta property="article:modified_time" content="2022-12-21T12:41:50+00:00" />
<meta name="twitter:card" content="summary_large_image" />
<meta name="twitter:label1" content="Est. reading time" />
	<meta name="twitter:data1" content="1 minute" />
<script type="application/ld+json" class="yoast-schema-graph">{"@context":"https://schema.org","@graph":[{"@type":"WebPage","@id":"https://botanico.uclm.es/en/project/etnobiologia-del-canon-del-jucar/","url":"https://botanico.uclm.es/en/project/etnobiologia-del-canon-del-jucar/","name":"Etnobiología del cañón del Júcar - Instituto Botánico","isPartOf":{"@id":"https://botanico.uclm.es/#website"},"datePublished":"2014-12-19T09:44:16+00:00","dateModified":"2022-12-21T12:41:50+00:00","breadcrumb":{"@id":"https://botanico.uclm.es/en/project/etnobiologia-del-canon-del-jucar/#breadcrumb"},"inLanguage":"ENH","potentialAction":[{"@type":"ReadAction","target":["https://botanico.uclm.es/en/project/etnobiologia-del-canon-del-jucar/"]}]},{"@type":"BreadcrumbList","@id":"https://botanico.uclm.es/en/project/etnobiologia-del-canon-del-jucar/#breadcrumb","itemListElement":[{"@type":"ListItem","position":1,"name":"Portada","item":"https://botanico.uclm.es/en/"},{"@type":"ListItem","position":2,"name":"Projects","item":"https://botanico.uclm.es/project/"},{"@type":"ListItem","position":3,"name":"Etnobiología del cañón del Júcar"}]},{"@type":"WebSite","@id":"https://botanico.uclm.es/#website","url":"https://botanico.uclm.es/","name":"Instituto Botánico","description":"Universidad de Castilla-La Mancha","potentialAction":[{"@type":"SearchAction","target":{"@type":"EntryPoint","urlTemplate":"https://botanico.uclm.es/?s={search_term_string}"},"query-input":"required name=search_term_string"}],"inLanguage":"ENH"}]}</script>
<!-- / Yoast SEO plugin. -->

Etnobiología del cañón del Júcar - Instituto Botánico

Instituto Botánico
