{"id":6372,"date":"2021-08-31T09:13:49","date_gmt":"2021-08-31T07:13:49","guid":{"rendered":"https:\/\/botanico.uclm.es\/en\/project\/explotacion-biotecnologica-de-la-ruta-de-sintesis-del-azafran-sbply-17-180501-000234\/"},"modified":"2022-12-21T14:21:10","modified_gmt":"2022-12-21T13:21:10","slug":"explotacion-biotecnologica-de-la-ruta-de-sintesis-del-azafran-sbply-17-180501-000234","status":"publish","type":"project","link":"https:\/\/botanico.uclm.es\/en\/project\/explotacion-biotecnologica-de-la-ruta-de-sintesis-del-azafran-sbply-17-180501-000234\/","title":{"rendered":"Explotaci\u00f3n Biotecnol\u00f3gica de la Ruta de S\u00edntesis del Azafr\u00e1n. SBPLY\/17\/180501\/000234"},"content":{"rendered":"<style type=\"text\/css\"> \n#cmsms_row_69ec914d61ef5 .cmsms_row_outer_parent { \n\tpadding-top: 0px; \n} \n\n#cmsms_row_69ec914d61ef5 .cmsms_row_outer_parent { \n\tpadding-bottom: 50px; \n} \n\n \n#cmsms_row_69ec914d6201e .cmsms_row_outer_parent { \n\tpadding-top: 0px; \n} \n\n#cmsms_row_69ec914d6201e .cmsms_row_outer_parent { \n\tpadding-bottom: 50px; \n} \n\n \n#cmsms_row_69ec914d6206c .cmsms_row_outer_parent { \n\tpadding-top: 0px; \n} \n\n#cmsms_row_69ec914d6206c .cmsms_row_outer_parent { \n\tpadding-bottom: 50px; \n} \n\n<\/style><div id=\"cmsms_row_69ec914d61ef5\" class=\"cmsms_row cmsms_color_scheme_default\">\n<div class=\"cmsms_row_outer_parent\">\n<div class=\"cmsms_row_outer\">\n<div class=\"cmsms_row_inner\">\n<div class=\"cmsms_row_margin\">\n<div class=\"cmsms_column one_first\">\n<div class=\"cmsms_text\">\n<p>Los carotenoides constituyen un amplio grupo de pigmentos terpenoides con importantes funciones biol\u00f3gicas, que adem\u00e1s act\u00faan como precursores para la bios\u00edntesis de compuestos bioactivos en bacterias, hongos, animales y plantas. Estos compuestos, productos de corte de los carotenoides (apocarotenoides), desempe\u00f1an diversas funciones en plantas que incluyen las de pigmentos, compuestos arom\u00e1ticos, hormonas y mol\u00e9culas se\u00f1al, as\u00ed como mol\u00e9culas reguladoras con funciones todav\u00eda desconocidas. La planta del azafr\u00e1n (Crocus sativus) acumula en sus estigmas gran cantidad de apocarotenoides: crocinas, picrocrocinas y safranal, que son los responsables del color, sabor y aroma caracter\u00edstico de la especia azafr\u00e1n, una de las m\u00e1s caras del mundo (8\u20ac\/g). Es por ello que C. sativus es mundialmente considerado como un cultivo de gran valor econ\u00f3mico. Los apocarotenoides del azafr\u00e1n no son s\u00f3lo utilizados como especia o aditivo alimentario, tambi\u00e9n son ampliamnete utilizados en cosm\u00e9tica y como agentes terap\u00e9uticos. Habi\u00e9ndose comprobado su eficiencia para el tratamiento de trastornos neurol\u00f3gicos, metab\u00f3licos, cardiovasculares, urogenitales, dermatol\u00f3gicos e inflamatorios, entre otros. Sin embargo, las aplicaciones m\u00e9dicas de los apocarotenoides del azafr\u00e1n se ven obstaculizadas por el alto coste de la especia. Por lo tanto, resulta de especial inter\u00e9s el desarrollo de nuevas estrategias, m\u00e1s rentables, para producir estos metabolitos y aprovechar su potencial nutrace\u00fatico y terap\u00e9utico. La investigaci\u00f3n realizada hasta ahora en el azafr\u00e1n ha permitido un amplio conocimiento de la bios\u00edntesis de carotenoides y de sus caracter\u00edsticos apocarotenoides, habi\u00e9ndose caraterizado las etapas clave y enzimas implicadas. El principal objetivo de este proyecto es la generaci\u00f3n e introducci\u00f3n de la ruta de apocarotenoides del azafr\u00e1n en otras especies vegetales, como arroz, patata y tomate, y en microorganismos como L. lactis. Para ello, se dispone de la informaci\u00f3n de las secuencias de las enzimas implicadas en la bios\u00edntesis de crocina y picrocrocina en el azafr\u00e1n. Esta informaci\u00f3n se emplear\u00e1 para el dise\u00f1o de una mini-ruta sint\u00e9tica, optimizada para conseguir la mejor expresi\u00f3n en cada uno de los tres sistemas propuestos, y posterior valoraci\u00f3n de la producci\u00f3n de estos apocarotenoides, para su explotaci\u00f3n futura por la industria agroalimentaria, cosm\u00e9tica y farmac\u00e9utica.<\/p>\n<\/div>\n<\/div>\n<\/div>\n<\/div>\n<\/div>\n<\/div>\n<\/div>\n<div id=\"cmsms_row_69ec914d6201e\" class=\"cmsms_row cmsms_color_scheme_default\">\n<div class=\"cmsms_row_outer_parent\">\n<div class=\"cmsms_row_outer\">\n<div class=\"cmsms_row_inner\">\n<div class=\"cmsms_row_margin\">\n<div class=\"cmsms_column one_first\">\n<div class=\"cmsms_text\">\n<p><\/p>\n<\/div>\n<\/div>\n<\/div>\n<\/div>\n<\/div>\n<\/div>\n<\/div>\n<div id=\"cmsms_row_69ec914d6206c\" class=\"cmsms_row cmsms_color_scheme_default\">\n<div class=\"cmsms_row_outer_parent\">\n<div class=\"cmsms_row_outer\">\n<div class=\"cmsms_row_inner\">\n<div class=\"cmsms_row_margin\">\n<\/div>\n<\/div>\n<\/div>\n<\/div>\n<\/div>\n<div class=\"cmsms_column one_first\">\n<\/div>\n<div class=\"cmsms_text\">\n<\/div>\n<\/p>\n","protected":false},"excerpt":{"rendered":"","protected":false},"author":1,"featured_media":0,"menu_order":0,"comment_status":"closed","ping_status":"open","template":"","format":"standard","meta":[],"pj-categs":[76],"pj-tags":[],"yoast_head":"<!-- This site is optimized with the Yoast SEO plugin v19.9 - https:\/\/yoast.com\/wordpress\/plugins\/seo\/ -->\n<title>Explotaci\u00f3n Biotecnol\u00f3gica de la Ruta de S\u00edntesis del Azafr\u00e1n. SBPLY\/17\/180501\/000234 - Instituto Bot\u00e1nico<\/title>\n<meta name=\"robots\" content=\"index, follow, max-snippet:-1, max-image-preview:large, max-video-preview:-1\" \/>\n<link rel=\"canonical\" href=\"https:\/\/botanico.uclm.es\/en\/project\/explotacion-biotecnologica-de-la-ruta-de-sintesis-del-azafran-sbply-17-180501-000234\/\" \/>\n<meta property=\"og:locale\" content=\"en_US\" \/>\n<meta property=\"og:type\" content=\"article\" \/>\n<meta property=\"og:title\" content=\"Explotaci\u00f3n Biotecnol\u00f3gica de la Ruta de S\u00edntesis del Azafr\u00e1n. SBPLY\/17\/180501\/000234 - Instituto Bot\u00e1nico\" \/>\n<meta property=\"og:url\" content=\"https:\/\/botanico.uclm.es\/en\/project\/explotacion-biotecnologica-de-la-ruta-de-sintesis-del-azafran-sbply-17-180501-000234\/\" \/>\n<meta property=\"og:site_name\" content=\"Instituto Bot\u00e1nico\" \/>\n<meta property=\"article:modified_time\" content=\"2022-12-21T13:21:10+00:00\" \/>\n<meta name=\"twitter:card\" content=\"summary_large_image\" \/>\n<meta name=\"twitter:label1\" content=\"Est. reading time\" \/>\n\t<meta name=\"twitter:data1\" content=\"2 minutes\" \/>\n<script type=\"application\/ld+json\" class=\"yoast-schema-graph\">{\"@context\":\"https:\/\/schema.org\",\"@graph\":[{\"@type\":\"WebPage\",\"@id\":\"https:\/\/botanico.uclm.es\/en\/project\/explotacion-biotecnologica-de-la-ruta-de-sintesis-del-azafran-sbply-17-180501-000234\/\",\"url\":\"https:\/\/botanico.uclm.es\/en\/project\/explotacion-biotecnologica-de-la-ruta-de-sintesis-del-azafran-sbply-17-180501-000234\/\",\"name\":\"Explotaci\u00f3n Biotecnol\u00f3gica de la Ruta de S\u00edntesis del Azafr\u00e1n. SBPLY\/17\/180501\/000234 - Instituto Bot\u00e1nico\",\"isPartOf\":{\"@id\":\"https:\/\/botanico.uclm.es\/#website\"},\"datePublished\":\"2021-08-31T07:13:49+00:00\",\"dateModified\":\"2022-12-21T13:21:10+00:00\",\"breadcrumb\":{\"@id\":\"https:\/\/botanico.uclm.es\/en\/project\/explotacion-biotecnologica-de-la-ruta-de-sintesis-del-azafran-sbply-17-180501-000234\/#breadcrumb\"},\"inLanguage\":\"ENH\",\"potentialAction\":[{\"@type\":\"ReadAction\",\"target\":[\"https:\/\/botanico.uclm.es\/en\/project\/explotacion-biotecnologica-de-la-ruta-de-sintesis-del-azafran-sbply-17-180501-000234\/\"]}]},{\"@type\":\"BreadcrumbList\",\"@id\":\"https:\/\/botanico.uclm.es\/en\/project\/explotacion-biotecnologica-de-la-ruta-de-sintesis-del-azafran-sbply-17-180501-000234\/#breadcrumb\",\"itemListElement\":[{\"@type\":\"ListItem\",\"position\":1,\"name\":\"Portada\",\"item\":\"https:\/\/botanico.uclm.es\/en\/\"},{\"@type\":\"ListItem\",\"position\":2,\"name\":\"Projects\",\"item\":\"https:\/\/botanico.uclm.es\/project\/\"},{\"@type\":\"ListItem\",\"position\":3,\"name\":\"Explotaci\u00f3n Biotecnol\u00f3gica de la Ruta de S\u00edntesis del Azafr\u00e1n. SBPLY\/17\/180501\/000234\"}]},{\"@type\":\"WebSite\",\"@id\":\"https:\/\/botanico.uclm.es\/#website\",\"url\":\"https:\/\/botanico.uclm.es\/\",\"name\":\"Instituto Bot\u00e1nico\",\"description\":\"Universidad de Castilla-La Mancha\",\"potentialAction\":[{\"@type\":\"SearchAction\",\"target\":{\"@type\":\"EntryPoint\",\"urlTemplate\":\"https:\/\/botanico.uclm.es\/?s={search_term_string}\"},\"query-input\":\"required name=search_term_string\"}],\"inLanguage\":\"ENH\"}]}<\/script>\n<!-- \/ Yoast SEO plugin. -->","yoast_head_json":{"title":"Explotaci\u00f3n Biotecnol\u00f3gica de la Ruta de S\u00edntesis del Azafr\u00e1n. SBPLY\/17\/180501\/000234 - Instituto Bot\u00e1nico","robots":{"index":"index","follow":"follow","max-snippet":"max-snippet:-1","max-image-preview":"max-image-preview:large","max-video-preview":"max-video-preview:-1"},"canonical":"https:\/\/botanico.uclm.es\/en\/project\/explotacion-biotecnologica-de-la-ruta-de-sintesis-del-azafran-sbply-17-180501-000234\/","og_locale":"en_US","og_type":"article","og_title":"Explotaci\u00f3n Biotecnol\u00f3gica de la Ruta de S\u00edntesis del Azafr\u00e1n. SBPLY\/17\/180501\/000234 - Instituto Bot\u00e1nico","og_url":"https:\/\/botanico.uclm.es\/en\/project\/explotacion-biotecnologica-de-la-ruta-de-sintesis-del-azafran-sbply-17-180501-000234\/","og_site_name":"Instituto Bot\u00e1nico","article_modified_time":"2022-12-21T13:21:10+00:00","twitter_card":"summary_large_image","twitter_misc":{"Est. reading time":"2 minutes"},"schema":{"@context":"https:\/\/schema.org","@graph":[{"@type":"WebPage","@id":"https:\/\/botanico.uclm.es\/en\/project\/explotacion-biotecnologica-de-la-ruta-de-sintesis-del-azafran-sbply-17-180501-000234\/","url":"https:\/\/botanico.uclm.es\/en\/project\/explotacion-biotecnologica-de-la-ruta-de-sintesis-del-azafran-sbply-17-180501-000234\/","name":"Explotaci\u00f3n Biotecnol\u00f3gica de la Ruta de S\u00edntesis del Azafr\u00e1n. SBPLY\/17\/180501\/000234 - Instituto Bot\u00e1nico","isPartOf":{"@id":"https:\/\/botanico.uclm.es\/#website"},"datePublished":"2021-08-31T07:13:49+00:00","dateModified":"2022-12-21T13:21:10+00:00","breadcrumb":{"@id":"https:\/\/botanico.uclm.es\/en\/project\/explotacion-biotecnologica-de-la-ruta-de-sintesis-del-azafran-sbply-17-180501-000234\/#breadcrumb"},"inLanguage":"ENH","potentialAction":[{"@type":"ReadAction","target":["https:\/\/botanico.uclm.es\/en\/project\/explotacion-biotecnologica-de-la-ruta-de-sintesis-del-azafran-sbply-17-180501-000234\/"]}]},{"@type":"BreadcrumbList","@id":"https:\/\/botanico.uclm.es\/en\/project\/explotacion-biotecnologica-de-la-ruta-de-sintesis-del-azafran-sbply-17-180501-000234\/#breadcrumb","itemListElement":[{"@type":"ListItem","position":1,"name":"Portada","item":"https:\/\/botanico.uclm.es\/en\/"},{"@type":"ListItem","position":2,"name":"Projects","item":"https:\/\/botanico.uclm.es\/project\/"},{"@type":"ListItem","position":3,"name":"Explotaci\u00f3n Biotecnol\u00f3gica de la Ruta de S\u00edntesis del Azafr\u00e1n. SBPLY\/17\/180501\/000234"}]},{"@type":"WebSite","@id":"https:\/\/botanico.uclm.es\/#website","url":"https:\/\/botanico.uclm.es\/","name":"Instituto Bot\u00e1nico","description":"Universidad de Castilla-La Mancha","potentialAction":[{"@type":"SearchAction","target":{"@type":"EntryPoint","urlTemplate":"https:\/\/botanico.uclm.es\/?s={search_term_string}"},"query-input":"required name=search_term_string"}],"inLanguage":"ENH"}]}},"_links":{"self":[{"href":"https:\/\/botanico.uclm.es\/en\/wp-json\/wp\/v2\/project\/6372"}],"collection":[{"href":"https:\/\/botanico.uclm.es\/en\/wp-json\/wp\/v2\/project"}],"about":[{"href":"https:\/\/botanico.uclm.es\/en\/wp-json\/wp\/v2\/types\/project"}],"author":[{"embeddable":true,"href":"https:\/\/botanico.uclm.es\/en\/wp-json\/wp\/v2\/users\/1"}],"replies":[{"embeddable":true,"href":"https:\/\/botanico.uclm.es\/en\/wp-json\/wp\/v2\/comments?post=6372"}],"version-history":[{"count":1,"href":"https:\/\/botanico.uclm.es\/en\/wp-json\/wp\/v2\/project\/6372\/revisions"}],"predecessor-version":[{"id":6373,"href":"https:\/\/botanico.uclm.es\/en\/wp-json\/wp\/v2\/project\/6372\/revisions\/6373"}],"wp:attachment":[{"href":"https:\/\/botanico.uclm.es\/en\/wp-json\/wp\/v2\/media?parent=6372"}],"wp:term":[{"taxonomy":"pj-categs","embeddable":true,"href":"https:\/\/botanico.uclm.es\/en\/wp-json\/wp\/v2\/pj-categs?post=6372"},{"taxonomy":"pj-tags","embeddable":true,"href":"https:\/\/botanico.uclm.es\/en\/wp-json\/wp\/v2\/pj-tags?post=6372"}],"curies":[{"name":"wp","href":"https:\/\/api.w.org\/{rel}","templated":true}]}}

Explotación Biotecnológica de la Ruta de Síntesis del Azafrán. SBPLY/17/180501/000234

<style type="text/css"> 
#cmsms_row_69ec914d61ef5 .cmsms_row_outer_parent { 
	padding-top: 0px; 
} 

#cmsms_row_69ec914d61ef5 .cmsms_row_outer_parent { 
	padding-bottom: 50px; 
} 

 
#cmsms_row_69ec914d6201e .cmsms_row_outer_parent { 
	padding-top: 0px; 
} 

#cmsms_row_69ec914d6201e .cmsms_row_outer_parent { 
	padding-bottom: 50px; 
} 

 
#cmsms_row_69ec914d6206c .cmsms_row_outer_parent { 
	padding-top: 0px; 
} 

#cmsms_row_69ec914d6206c .cmsms_row_outer_parent { 
	padding-bottom: 50px; 
} 

</style><div id="cmsms_row_69ec914d61ef5" class="cmsms_row cmsms_color_scheme_default">
<div class="cmsms_row_outer_parent">
<div class="cmsms_row_outer">
<div class="cmsms_row_inner">
<div class="cmsms_row_margin">
<div class="cmsms_column one_first">
<div class="cmsms_text">
<p>Los carotenoides constituyen un amplio grupo de pigmentos terpenoides con importantes funciones biológicas, que además actúan como precursores para la biosíntesis de compuestos bioactivos en bacterias, hongos, animales y plantas. Estos compuestos, productos de corte de los carotenoides (apocarotenoides), desempeñan diversas funciones en plantas que incluyen las de pigmentos, compuestos aromáticos, hormonas y moléculas señal, así como moléculas reguladoras con funciones todavía desconocidas. La planta del azafrán (Crocus sativus) acumula en sus estigmas gran cantidad de apocarotenoides: crocinas, picrocrocinas y safranal, que son los responsables del color, sabor y aroma característico de la especia azafrán, una de las más caras del mundo (8€/g). Es por ello que C. sativus es mundialmente considerado como un cultivo de gran valor económico. Los apocarotenoides del azafrán no son sólo utilizados como especia o aditivo alimentario, también son ampliamnete utilizados en cosmética y como agentes terapéuticos. Habiéndose comprobado su eficiencia para el tratamiento de trastornos neurológicos, metabólicos, cardiovasculares, urogenitales, dermatológicos e inflamatorios, entre otros. Sin embargo, las aplicaciones médicas de los apocarotenoides del azafrán se ven obstaculizadas por el alto coste de la especia. Por lo tanto, resulta de especial interés el desarrollo de nuevas estrategias, más rentables, para producir estos metabolitos y aprovechar su potencial nutraceútico y terapéutico. La investigación realizada hasta ahora en el azafrán ha permitido un amplio conocimiento de la biosíntesis de carotenoides y de sus característicos apocarotenoides, habiéndose caraterizado las etapas clave y enzimas implicadas. El principal objetivo de este proyecto es la generación e introducción de la ruta de apocarotenoides del azafrán en otras especies vegetales, como arroz, patata y tomate, y en microorganismos como L. lactis. Para ello, se dispone de la información de las secuencias de las enzimas implicadas en la biosíntesis de crocina y picrocrocina en el azafrán. Esta información se empleará para el diseño de una mini-ruta sintética, optimizada para conseguir la mejor expresión en cada uno de los tres sistemas propuestos, y posterior valoración de la producción de estos apocarotenoides, para su explotación futura por la industria agroalimentaria, cosmética y farmacéutica.</p>
</div>
</div>
</div>
</div>
</div>
</div>
</div>
<div id="cmsms_row_69ec914d6201e" class="cmsms_row cmsms_color_scheme_default">
<div class="cmsms_row_outer_parent">
<div class="cmsms_row_outer">
<div class="cmsms_row_inner">
<div class="cmsms_row_margin">
<div class="cmsms_column one_first">
<div class="cmsms_text">
<p></p>
</div>
</div>
</div>
</div>
</div>
</div>
</div>
<div id="cmsms_row_69ec914d6206c" class="cmsms_row cmsms_color_scheme_default">
<div class="cmsms_row_outer_parent">
<div class="cmsms_row_outer">
<div class="cmsms_row_inner">
<div class="cmsms_row_margin">
</div>
</div>
</div>
</div>
</div>
<div class="cmsms_column one_first">
</div>
<div class="cmsms_text">
</div>
</p>

<!-- This site is optimized with the Yoast SEO plugin v19.9 - https://yoast.com/wordpress/plugins/seo/ -->
<title>Explotación Biotecnológica de la Ruta de Síntesis del Azafrán. SBPLY/17/180501/000234 - Instituto Botánico</title>
<meta name="robots" content="index, follow, max-snippet:-1, max-image-preview:large, max-video-preview:-1" />
<link rel="canonical" href="https://botanico.uclm.es/en/project/explotacion-biotecnologica-de-la-ruta-de-sintesis-del-azafran-sbply-17-180501-000234/" />
<meta property="og:locale" content="en_US" />
<meta property="og:type" content="article" />
<meta property="og:title" content="Explotación Biotecnológica de la Ruta de Síntesis del Azafrán. SBPLY/17/180501/000234 - Instituto Botánico" />
<meta property="og:url" content="https://botanico.uclm.es/en/project/explotacion-biotecnologica-de-la-ruta-de-sintesis-del-azafran-sbply-17-180501-000234/" />
<meta property="og:site_name" content="Instituto Botánico" />
<meta property="article:modified_time" content="2022-12-21T13:21:10+00:00" />
<meta name="twitter:card" content="summary_large_image" />
<meta name="twitter:label1" content="Est. reading time" />
	<meta name="twitter:data1" content="2 minutes" />
<script type="application/ld+json" class="yoast-schema-graph">{"@context":"https://schema.org","@graph":[{"@type":"WebPage","@id":"https://botanico.uclm.es/en/project/explotacion-biotecnologica-de-la-ruta-de-sintesis-del-azafran-sbply-17-180501-000234/","url":"https://botanico.uclm.es/en/project/explotacion-biotecnologica-de-la-ruta-de-sintesis-del-azafran-sbply-17-180501-000234/","name":"Explotación Biotecnológica de la Ruta de Síntesis del Azafrán. SBPLY/17/180501/000234 - Instituto Botánico","isPartOf":{"@id":"https://botanico.uclm.es/#website"},"datePublished":"2021-08-31T07:13:49+00:00","dateModified":"2022-12-21T13:21:10+00:00","breadcrumb":{"@id":"https://botanico.uclm.es/en/project/explotacion-biotecnologica-de-la-ruta-de-sintesis-del-azafran-sbply-17-180501-000234/#breadcrumb"},"inLanguage":"ENH","potentialAction":[{"@type":"ReadAction","target":["https://botanico.uclm.es/en/project/explotacion-biotecnologica-de-la-ruta-de-sintesis-del-azafran-sbply-17-180501-000234/"]}]},{"@type":"BreadcrumbList","@id":"https://botanico.uclm.es/en/project/explotacion-biotecnologica-de-la-ruta-de-sintesis-del-azafran-sbply-17-180501-000234/#breadcrumb","itemListElement":[{"@type":"ListItem","position":1,"name":"Portada","item":"https://botanico.uclm.es/en/"},{"@type":"ListItem","position":2,"name":"Projects","item":"https://botanico.uclm.es/project/"},{"@type":"ListItem","position":3,"name":"Explotación Biotecnológica de la Ruta de Síntesis del Azafrán. SBPLY/17/180501/000234"}]},{"@type":"WebSite","@id":"https://botanico.uclm.es/#website","url":"https://botanico.uclm.es/","name":"Instituto Botánico","description":"Universidad de Castilla-La Mancha","potentialAction":[{"@type":"SearchAction","target":{"@type":"EntryPoint","urlTemplate":"https://botanico.uclm.es/?s={search_term_string}"},"query-input":"required name=search_term_string"}],"inLanguage":"ENH"}]}</script>
<!-- / Yoast SEO plugin. -->

Explotación Biotecnológica de la Ruta de Síntesis del Azafrán. SBPLY/17/180501/000234 - Instituto Botánico

Instituto Botánico
